89?
143
What is the highest common divisor of 2 and 157?
1
What is the greatest common factor of 11 and 5?
1
Calculate the highest common factor of 20 and 85.
5
What is the highest common factor of 4 and 76?
4
What is the highest common factor of 408 and 136?
136
Calculate the greatest common divisor of 874 and 190.
38
What is the highest common factor of 48879 and 9?
9
Calculate the highest common divisor of 484 and 121.
121
Calculate the highest common divisor of 4 and 832.
4
Calculate the greatest common divisor of 232 and 16.
8
What is the highest common factor of 6 and 72?
6
Calculate the highest common factor of 15 and 1215.
15
What is the highest common divisor of 5316 and 24?
12
What is the greatest common divisor of 398 and 72038?
398
Calculate the highest common divisor of 88 and 594.
22
What is the greatest common factor of 1832 and 16?
8
What is the highest common divisor of 462 and 132?
66
What is the highest common factor of 54 and 288?
18
What is the highest common divisor of 124 and 341?
31
Calculate the greatest common factor of 261 and 63.
9
Calculate the highest common factor of 22 and 38.
2
Calculate the greatest common factor of 5 and 9925.
5
What is the highest common factor of 294 and 30135?
147
What is the highest common divisor of 297 and 27?
27
Calculate the greatest common factor of 38 and 8.
2
Calculate the highest common factor of 10 and 155.
5
What is the highest common divisor of 3050 and 122?
122
Calculate the highest common factor of 51 and 1173.
51
Calculate the greatest common factor of 15110 and 10.
10
Calculate the greatest common divisor of 375 and 30.
15
Calculate the highest common factor of 63 and 1239.
21
What is the greatest common factor of 3226 and 1?
1
Calculate the greatest common divisor of 736 and 23.
23
What is the highest common divisor of 105 and 6895?
35
Calculate the greatest common factor of 92 and 46.
46
What is the greatest common factor of 28 and 3598?
14
Calculate the greatest common divisor of 1048 and 8.
8
What is the highest common factor of 94653 and 13?
13
What is the highest common divisor of 10556 and 13?
13
Calculate the highest common factor of 38 and 304.
38
Calculate the greatest common divisor of 1800 and 200.
200
What is the highest common factor of 52 and 1924?
52
What is the greatest common divisor of 9 and 51?
3
Calculate the highest common factor of 274 and 2877.
137
What is the greatest common factor of 1 and 41?
1
What is the highest common divisor of 1162 and 154?
14
What is the highest common divisor of 17 and 10421?
17
What is the greatest common divisor of 10 and 625?
5
What is the greatest common factor of 27 and 9?
9
Calculate the greatest common factor of 68 and 357.
17
Calculate the greatest common factor of 31 and 496.
31
What is the greatest common divisor of 295 and 59?
59
What is the greatest common divisor of 60 and 804?
12
What is the highest common factor of 3953 and 236?
59
Calculate the highest common divisor of 60 and 4.
4
Calculate the greatest common factor of 275 and 35.
5
Calculate the highest common divisor of 66 and 264.
66
What is the highest common factor of 406 and 232?
58
Calculate the highest common divisor of 125 and 9125.
125
Calculate the highest common factor of 627 and 77.
11
Calculate the highest common divisor of 1056 and 888.
24
Calculate the greatest common divisor of 39 and 273.
39
Calculate the greatest common divisor of 12 and 116.
4
What is the greatest common factor of 1022 and 14?
14
Calculate the highest common factor of 36 and 120.
12
Calculate the highest common divisor of 1025 and 25.
25
Calculate the greatest common divisor of 46 and 3266.
46
Calculate the highest common divisor of 2418 and 143.
13
What is the greatest common divisor of 324 and 1728?
108
What is the highest common divisor of 9659 and 13?
13
Calculate the greatest common divisor of 18 and 486.
18
Calculate the highest common divisor of 4800 and 9280.
320
What is the greatest common divisor of 17 and 289?
17
What is the highest common factor of 217 and 17794?
217
What is the greatest common divisor of 35 and 413?
7
Calculate the greatest common factor of 161 and 2231.
23
Calculate the highest common divisor of 133 and 21.
7
What is the greatest common factor of 11034 and 18?
18
Calculate the highest common divisor of 1510 and 10.
10
Calculate the greatest common factor of 5 and 360.
5
What is the greatest common divisor of 5901 and 168?
21
Calculate the highest common factor of 430 and 7955.
215
What is the highest common factor of 250 and 100?
50
What is the greatest common factor of 800 and 25?
25
What is the highest common divisor of 156 and 108?
12
What is the highest common divisor of 4038 and 12?
6
Calculate the greatest common factor of 14 and 861.
7
Calculate the greatest common factor of 35 and 399.
7
What is the greatest common divisor of 114 and 152?
38
What is the highest common divisor of 3839 and 44?
11
What is the highest common factor of 38 and 4?
2
What is the greatest common divisor of 20 and 225?
5
Calculate the highest common divisor of 72 and 240.
24
What is the greatest common factor of 69 and 207?
69
What is the greatest common factor of 1666 and 34?
34
Calculate the highest common factor of 186 and 6975.
93
Calculate the greatest common divisor of 8 and 356.
4
What is the highest common factor of 876 and 264?
12
Calculate the greatest common divisor of 2496 and 2112.
192
What is the highest common divisor of 2009 and 492?
41
What is the greatest common divisor of 252 and 3164?
28
Calculate the greatest common divisor of 23 and 2875.
23
What is the highest common factor of 64 and 224?
32
Calculate the greatest common factor of 265 and 159.
53
Calculate the greatest common divisor of 108 and 12.
12
Calculate the highest common factor of 72 and 396.
36
What is the highest common divisor of 174 and 58?
58
What is the highest common factor of 8844 and 132?
132
What is the greatest common factor of 434 and 124?
62
What is the highest common factor of 2436 and 336?
84
What is the highest common divisor of 130 and 52?
26
Calculate the highest common factor of 104 and 78.
26
Calculate the greatest common factor of 294 and 336.
42
Calculate the highest common divisor of 5002 and 205.
41
Calculate the greatest common divisor of 34 and 6.
2
What is the highest common factor of 4557 and 93?
93
Calculate the greatest common factor of 144 and 306.
18
What is the highest common factor of 14 and 4109?
7
What is the greatest common factor of 44 and 286?
22
What is the greatest common divisor of 21 and 77?
7
What is the highest common divisor of 12358 and 74?
74
What is the greatest common factor of 1060 and 40?
20
What is the highest common factor of 126 and 6282?
18
Calculate the greatest common factor of 2461 and 23.
23
What is the greatest common factor of 2 and 6?
2
What is the greatest common factor of 459 and 81?
27
Calculate the highest common factor of 3267 and 27.
27
What is the greatest common factor of 48 and 108?
12
What is the highest common factor of 21 and 7?
7
Calculate the highest common factor of 71 and 2911.
71
What is the greatest common divisor of 40 and 344?
8
What is the highest common factor of 1440 and 216?
72
Calculate the highest common divisor of 25 and 625.
25
What is the greatest common factor of 31 and 1240?
31
What is the greatest common divisor of 28 and 133?
7
What is the highest common divisor of 810 and 70?
10
What is the greatest common factor of 32 and 110?
2
Calculate the highest common factor of 3032 and 40.
8
What is the highest common divisor of 112 and 35?
7
Calculate the highest common factor of 23 and 5.
1
Calculate the highest common factor of 72 and 150.
6
Calculate the greatest common factor of 5724 and 63.
9
What is the highest common factor of 117 and 39?
39
Calculate the highest common factor of 8 and 72152.
8
What is the highest common factor of 166 and 12118?
166
Calculate the greatest common factor of 36 and 1260.
36
Calculate the highest common divisor of 1413 and 90.
9
Calculate the highest common divisor of 209 and 132.
11
What is the greatest common factor of 162 and 6?
6
Calculate the greatest common divisor of 15 and 3745.
5
Calculate the highest common factor of 1770 and 20.
10
Calcu